pose y - 5 = 0, 4*y = -6*s + 11*s - 370. Calculate the highest common factor of 858 and s.
78
Let z be -4 - ((-214)/9 + (-6)/27). Let g = -1 - -3. Suppose -g - 8 = -b. What is the highest common divisor of z and b?
10
Let x(q) = q**2 + 8*q + 11. Let o be x(-8). Suppose -5*y + 490 = -183*k + 188*k, 0 = -4*y - 2*k + 394. Calculate the greatest common factor of y and o.
11
Let y(i) = i**3 - 12*i**2 + 5. Let x be y(12). Let c(j) = -3*j - 22. Let u be c(-9). Suppose 5*g - 70 - u = 0. Calculate the greatest common factor of g and x.
5
Suppose 3*c = -0*c + 2*u, 5*u = 5*c. Let p be ((-5)/10 + c)*-12. Suppose -5*v + 0*v = -j + 11, 3*v = -2*j + 9. Calculate the greatest common factor of j and p.
6
Let x be (-44)/154 - 1934/(-7). What is the highest common divisor of 12 and x?
12
Let j be 6/21 - 76/(-28). Suppose -5*t = d - 37, -3*d = -j*t - d + 17. Calculate the highest common factor of t and 35.
7
Let x = -32 + 41. Suppose -m + 96 = -0*m + t, -t - 3 = 0. Calculate the greatest common factor of x and m.
9
Let n = -499 + 899. Let w(d) = 2*d**2 - 14*d + 62. Let z be w(6). What is the highest common divisor of n and z?
50
Let n be (1 - -14) + ((-10)/(-5) - -1). What is the greatest common divisor of 9 and n?
9
Suppose 64 = x + 44. What is the greatest common divisor of 50 and x?
10
Suppose 2*l + 0*l - 5*t = 142, -81 = -l + 5*t. Suppose 59*z = l*z - 10. Calculate the highest common factor of 1 and z.
1
Suppose 0 = -4*w + 2 + 6. Suppose -u - w*m = -30, 3*u - 3*m = -0*u + 99. What is the highest common factor of 352 and u?
32
Let p be (-1 + 2)*(1 - -2). Suppose p*z - 87 = -3. Let k be (((-12)/3)/((-4)/42))/1. What is the greatest common divisor of z and k?
14
Let p(s) = -s**2 + s + 59. Let v be p(7). Calculate the greatest common factor of v and 68.
17
Let m = 34 - 22. Let q be 13 + -1 + -45 + 37. What is the highest common divisor of q and m?
4
Let r = 45 + -17. Let u be ((-26)/(-65))/(2/10)*r. Calculate the greatest common factor of u and 14.
14
Let i(x) be the third derivative of -x**4/12 + x**3 - 2*x**2. Let z be i(-9). What is the greatest common divisor of z and 6?
6
Let v be (19 - (0 + 2))*1. Suppose 2*z - 40 + 4 = 2*m, -4*z + 70 = -2*m. Calculate the highest common factor of z and v.
17
Suppose 0 = -3*x + 6*x + 36. Let p be -1 - (-2 + x + -2). Calculate the highest common factor of p and 3.
3
Suppose n + 4*s = 11, -2*n + 29 = -n - 5*s. Suppose 17*z + 44 = n*z. Let o be 2/(-1)*(-11)/2. Calculate the highest common divisor of z and o.
11
Let n be 29 - 0 - 4 - 0/3. Calculate the greatest common divisor of n and 5.
5
Let v = 194 + -165. What is the greatest common divisor of v and 145?
29
Let i be (8 - 0)*(-14)/(-4). Suppose j = -3*g + 61, 3*j + 3*g = -0*j + 201. Calculate the greatest common divisor of i and j.
14
Let w(a) = 9*a + 3. Let z be w(2). Suppose 2*v + z = 4*v - s, -24 = -2*v - 2*s. Calculate the greatest common factor of 44 and v.
11
Let x(d) = 7*d**3 - 3*d + 4. Let i be x(2). Suppose m - 4*m - 81 = -2*v, 0 = 5*v + 5*m - 165. What is the greatest common factor of i and v?
18
Let n(t) = -3*t**2 - 9*t + 10. Let p be n(5). Let m = p + 121. What is the highest common factor of m and 77?
11
Suppose -4*z - 5*z = -1116. What is the highest common factor of 186 and z?
62
Let b = -574 + 1095. Suppose -5*p = -3*u - 3*p - b, 3*p + 356 = -2*u. Let j = -111 - u. What is the highest common factor of j and 160?
32
Let y(j) = 44*j - 11. Let a be 6 + 1 + (-1 - (-2)/(-1)). Let w be y(a). What is the highest common factor of 33 and w?
33
Let i = -78 + 112. Suppose 5*l - 35 = -5*z, 0 = -l + 3*z + i - 7. Let v = 0 - -60. What is the greatest common divisor of v and l?
12
Let z = 36 + -33. Suppose -5*h = -5*d - 1145, 0 = -h + 5*d - z*d + 227. What is the greatest common divisor of h and 21?
21
Suppose -2*m + 20 = -10. Let f be (1 + (-3)/2)*-62. Let w = f + -16. What is the highest common divisor of m and w?
15
Let z = 104 + -85. Let h be 4/3 - 2/(-3). Suppose -33 - 43 = -h*p. What is the highest common factor of z and p?
19
Suppose 5*i = -3*f + 6*f - 145, 0 = 3*f + i - 169. Let g(b) = -b**2 - 22*b + 28. Let x be g(-23). Calculate the greatest common divisor of x and f.
5
Let s = 173 - 101. Calculate the greatest common divisor of 48 and s.
24
Let r = 570 + -472. What is the highest common divisor of r and 14?
14
Let i = 32 - 18. Let o(c) be the second derivative of 2*c**5/5 + c**4/4 - c**3/6 - 2*c**2 + 2*c. Let s be o(2). What is the greatest common divisor of s and i?
14
Suppose 0 = -11*y + 5*y + 132. Suppose -n = n - y. What is the highest common factor of n and 33?
11
Let j(x) be the third derivative of -2*x**2 + 1/8*x**4 + 0 + 0*x - 7/6*x**3. Let g be j(7). Calculate the greatest common factor of g and 14.
14
Let h = 40 + -7. Let n(y) = y**2 - 24*y + 47. Let u be n(22). What is the greatest common factor of u and h?
3
Let m = 705 + -605. Calculate the highest common factor of m and 50.
50
Let f(q) = -12*q - 2. Let k(m) = -24*m - 3. Let c(i) = 5*f(i) - 2*k(i). Let s be c(-1). What is the highest common factor of 12 and s?
4
Let u(m) = 83*m**2 - 12*m + 36. Let h be u(5). What is the greatest common divisor of 7 and h?
7
Suppose -13*t + 23*t - 2310 = 0. What is the highest common factor of t and 21?
21
Let v(b) = 7*b**2 + b - 6. Let w be v(3). What is the greatest common factor of w and 90?
30
Let d be (204/(-4))/((-5 - -9)/(-16)). What is the greatest common factor of 12 and d?
12
Let q(k) = 2*k + 9. Let g be q(0). Suppose 6*v - g*v + 69 = 0. Calculate the greatest common factor of v and 184.
23
Let y = -33 + 43. Suppose 10*h + y = 5*h, -3*h = -4*w + 1150. Calculate the highest common divisor of 26 and w.
26
Suppose 37 = 21*s - 5. Let n = 3 + -3. Let f be (-1 + n)/((-1)/2). Calculate the highest common factor of s and f.
2
Let j = -1 - -9. Let t be 5815/(-20) + (-2)/j. Let w = t + 423. Calculate the greatest common factor of w and 12.
12
Suppose -16*z = 46*z - 1984. Calculate the highest common factor of z and 88.
8
Suppose -3*b - 2*b + 240 = 0. Let i be 170/7 - 4/14. Suppose 2*o - o = i. Calculate the greatest common divisor of b and o.
24
Suppose -j - 47*w + 50*w = -1041, 4*j = -w + 4216. Calculate the highest common factor of j and 162.
81
Let r(n) = 9*n**2 + n - 6. Suppose -2*z + 1 = 3*g, -13 + 5 = -2*z + 4*g. Let f be r(z). What is the greatest common divisor of 8 and f?
8
Let i(q) = 3*q**3 + 0*q**3 - 5*q**2 + 561 - 563 + 9*q - 7*q**2. Let k be i(4). What is the highest common factor of k and 2?
2
Let d = 33 - 9. Suppose 0*x + 6 = 3*x. Let o = d - x. Calculate the greatest common factor of o and 22.
22
Let r = 782 - 779. Calculate the greatest common factor of r and 294.
3
Let c be 256/(-80)*((-40)/(-2))/2. Let d = c - -40. Suppose 0 = 5*p - 5*v - 170, -2*p = 3*v - 19 - 39. Calculate the greatest common divisor of d and p.
8
Suppose 5*f + 589 = s - 238, -821 = -s + 3*f. Calculate the highest common divisor of 28 and s.
28
Suppose 3*s + 3 + 3 = 0. Let g be (s + 0)*165/(-11). Suppose 0*o = -3*o + g. Calculate the highest common factor of o and 20.
10
Let s be (1 - 1 - 0) + 20. Suppose 3*y + 4*l - 22 = 0, 5*y + 2*l = -3*l + 30. Let q = 2 + y. What is the highest common factor of q and s?
4
Suppose -22*j = 3*t - 19*j - 69, -12 = 3*j. What is the highest common factor of 891 and t?
27
Let p(n) be the first derivative of n**3/3 - 3*n - 3. Let o be p(-4). Suppose -2*m = -m - 91. Calculate the greatest common factor of o and m.
13
Suppose 3*p - 9 = 0, 4*p + 778 + 602 = 3*s. What is the greatest common divisor of 16 and s?
16
Suppose -4*l + 1582 = -2*t, t = -2*l + 828 - 35. What is the highest common divisor of 11 and l?
11
Suppose -7*a + 222 = 152. Calculate the greatest common factor of a and 10.
10
Suppose -2*r - 3*g = -12, -2*g = 3*r - 6*g - 18. Suppose o + 4*a = 50, 0 = -4*o + a - 3*a + 130. What is the greatest common factor of r and o?
6
Let f be (1457/94)/(2/8). Calculate the greatest common divisor of 6 and f.
2
Let j(t) = t + 8 + 5*t - 7*t. Let p be j(6). Suppose -p*h + 7*h - 65 = 0. What is the highest common divisor of 104 and h?
13
Suppose -6*z - 4*z + 750 = 0. Calculate the greatest common divisor of 60 and z.
15
Suppose 6*l - l + 4*r + 10 = 0, -2*l + 5*r + 29 = 0. Calculate the highest common divisor of 64 and l.
2
Suppose s + 3*a = 8, 3*s = -s - 